et k(w) = -w + 8. Let b be k(6). Suppose y = b*z + 213, -4*y + 2*z + 1049 = y. Is y a prime number?
False
Let o(a) = a - 2. Let u be o(8). Let g be u/12 - 9390/(-4). Suppose -h + g = 3*h. Is h a composite number?
False
Let w(l) = 426*l + 2 + 117*l**2 - 426*l. Is w(-1) a composite number?
True
Let o = 3081 - 1838. Is o a prime number?
False
Let x = 227786 - 119043. Is x a prime number?
False
Suppose 3*t + 2*q - 3 = -0, -4*q = 3*t + 3. Suppose 3*s - 1221 = -t*j, -s - 3*j + 8*j + 407 = 0. Is s a composite number?
True
Let w = 49 + -20. Suppose -4*y + 77 + 271 = 0. Let l = y - w. Is l a prime number?
False
Let b(g) = 17*g + 4. Let f = 15 - -2. Suppose 4*s + v = 20, 3*s + 2 = v + f. Is b(s) prime?
True
Suppose 5*a + x = 51, 4*x - 3 = 2*a - 19. Let s = -182 + 180. Is 305/a - s/4 prime?
True
Let q = 106994 - 70021. Is q a composite number?
False
Let w = 31 + 52. Is -10 + 14 + 0 + w a composite number?
True
Let z = 52349 + -34054. Is z a composite number?
True
Suppose -922 + 241643 = 13*i. Is i prime?
True
Suppose g - 2 + 0 = 0. Suppose -3*v - 5*w + 2 = 0, 20 = 3*v + g*w + 3. Suppose 4*i + 2785 = v*i. Is i a composite number?
False
Suppose z - 6 = -2. Suppose 0 = 3*k + 6, k - z = -2*n - 2. Suppose -n*p + 84 = -98. Is p prime?
False
Suppose 12 = -3*k, 5*k + 0 = 3*p - 2. Is 9/15 + ((-22368)/20)/p a composite number?
True
Suppose -4*s - 34 + 7 = 5*f, 2*f - 6 = 4*s. Let q be 1075/f + 16/(-24). Let m = -66 - q. Is m a prime number?
True
Suppose 0*y = -5*y + 40. Let x be ((-6)/y)/((-1)/4). Is (x - -2) + -3 - -155 prime?
True
Let i be 2/(-8) - 3/4. Let v(t) = 118*t + 4. Let u(y) = 118*y + 5. Let m(s) = 5*u(s) - 6*v(s). Is m(i) composite?
True
Let s(w) = 3*w**2 + 2*w - 3. Let i be s(2). Let d(n) = -n**2 + 13*n + 4. Let k be d(i). Suppose 0 = -k*z + 6*z - 316. Is z composite?
True
Suppose -19346 = -2*u - 2*x, x - 9669 = -u - x. Is u a composite number?
False
Let r(c) = -c**3 - 10*c**2 - 10*c - 5. Let i be r(-9). Suppose -i*b + 2503 + 2941 = 0. Is b a composite number?
False
Suppose 53*w = 49*w + 11044. Is w prime?
False
Let y = 47 - 36. Is 2827/y*(1 + 0) prime?
True
Suppose 4*m = 4*c + 10004, -10*m + 9*m + 2511 = 4*c. Is m a prime number?
True
Suppose 327 = 3*h - 2*r, 5*h - 128 - 413 = 2*r. Let g = h - 36. Is g prime?
True
Is 3/(-12) + ((-33937)/(-4) - 1) a composite number?
True
Let v = 353 - 132. Let u be 1/(-3)*(2 - v). Suppose 2*z - u = -27. Is z a composite number?
False
Let i = -10 + 17. Suppose -i*q + 8 = -3*q. Is 3732/21 - q/(-7) a prime number?
False
Let k be 0 + 4 + -5 - (1 + -2970). Suppose 0 = -d - 981 + k. Is d a prime number?
True
Let p(n) = -5*n - 46. Let q be p(-10). Suppose -t - 3*i + 1470 = 0, 2*t - 6*t - q*i = -5856. Is t composite?
True
Let h(l) = l**2 - 9*l - 29. Let d be h(12). Suppose -d*u - 1378 = -9*u. Is u prime?
False
Let c be -8*(2 - 1 - 4). Let t = 38 - c. Suppose 4*i - 138 + t = 0. Is i prime?
True
Is (-3*(5 - 4))/((-10)/51670) a prime number?
False
Suppose 0 = u + 4*i - 2, 5*i = i. Is ((-422)/4)/(u/(-4)) a composite number?
False
Suppose -2*t - i = -3, 2 = t + 2*t - i. Let z be (-3)/(t*1/(-1)). Suppose z*l + 28 - 265 = 0. Is l composite?
False
Is 18845/45 - 8/(-36) a prime number?
True
Let z = -47 - -79. Suppose -2*v + 11 = 3*m - 12, -3*v + z = 4*m. Suppose -v*l + 387 = -73. Is l a composite number?
True
Let g = -1660 + 3173. Suppose 3*i - t = -i + g, -4*t = -i + 367. Is i composite?
False
Is (4 - (7 + -5))/(2/3191) prime?
True
Suppose -6*y = 6 + 24. Is -1 + 1 + (-445)/y a prime number?
True
Let c(n) = n**3 - 6*n**2 - 6*n - 9. Let d be c(7). Let m be (-2)/((-3552)/(-1780) + d). Suppose v - m = -4*v. Is v prime?
True
Suppose 1265 = 3*r + 4*m, 2*m = -3*r + r + 842. Is r a composite number?
False
Let i = -26 + 23. Is (-17 - -20)*(-377)/i prime?
False
Suppose -6*s + 4*s = -18. Suppose -s*v = -12*v + 3687. Is v a prime number?
True
Is (-39)/91 + (-1162580)/(-14) a prime number?
False
Suppose 10*z = 559544 + 207266. Is z prime?
False
Suppose -25*r - 221463 = -34*r. Is r composite?
True
Let r(d) be the second derivative of d**4/2 + 29*d**3/6 + 11*d**2/2 + 8*d. Is r(-20) prime?
True
Suppose 0*f + 8 = 2*f. Suppose p + 2 = -0, k = f*p + 13. Suppose k*g - 135 = 5*u, -13 = -g - u + 22. Is g composite?
False
Suppose 0 = 2*m - 5*m + 19797. Suppose 8*s - 9*s + m = 0. Is s prime?
True
Let l = -298 + 425. Is l a composite number?
False
Let w be 2373/6*48/14. Suppose -2*c - 3383 = -5*u, -2*u = -0*c + 2*c - w. Is u a prime number?
True
Suppose 0 = b, 2*b + 0*b = 4*h - 9692. Is h a prime number?
True
Let n = -2967 + 4216. Is n prime?
True
Suppose -3*u + 2*z + 98 = -14, -5*u - z + 178 = 0. Is (3/(u/3764))/(1/3) prime?
True
Let d be (-1050)/(-273) - 2/(-13). Suppose -5*q - 1141 = -2*l, d*q - 83 + 646 = l. Is l a composite number?
True
Suppose 4517 = s - 2*t, -2*s - 2*t = 3*s - 22525. Is s composite?
False
Suppose -5899 - 34670 = -3*d. Is d a composite number?
False
Let g(o) = 6*o**3 + 19*o**2 + 20*o - 33. Let h(s) = 3*s**3 + 10*s**2 + 10*s - 16. Let a(q) = 3*g(q) - 7*h(q). Is a(-8) a composite number?
False
Suppose 6*a = -a + 8575. Suppose 0 = -4*b + 12, -5*c - a + 3175 = -5*b. Is c composite?
True
Let j be -10*((-7)/(-5) - 1). Let f be (15/j)/((-3)/(-12)). Let l = 22 - f. Is l a prime number?
True
Let x(t) = t**3 - t**2 - 14*t + 3809. Is x(0) a composite number?
True
Let l be (6*-1)/(7/(-49)). Suppose -l*z + 47*z - 8255 = 0. Is z a prime number?
False
Let u(a) be the first derivative of 13*a**3 + 3*a**2 - 4*a + 2. Is u(-7) a prime number?
False
Let v = -3270 + 9733. Is v composite?
True
Suppose 0 = p - 3 - 11. Suppose 14 = 2*w - p. Is (-2)/7 - (-298)/w a prime number?
False
Suppose 47006 = 3*u + 9257. Is u a composite number?
False
Let v = 904 + 535. Is v prime?
True
Let n(g) = 14*g + 23797. Is n(0) a prime number?
False
Let g = 73579 - 45638. Is g prime?
True
Let w = 23 - 21. Let y(s) = -269*s - 3. Let f(z) = 269*z + 3. Let u(b) = w*y(b) + 3*f(b). Is u(2) a composite number?
False
Let u(h) = -1123*h**3 - 2*h**2 + 5*h + 5. Is u(-3) a prime number?
True
Let m(i) = 128*i + 21. Let n be m(6). Suppose 0 = 2*j + 11 - n. Is j composite?
False
Suppose 2*u - 3*q = 147 + 75, -3*u + 333 = 2*q. Let d(c) = -u*c + 8 + 269*c - 3. Is d(3) a prime number?
True
Suppose 33*d - 17059 = 26*d. Is d composite?
False
Suppose -3*r = -r + 4. Let d be ((-48)/(-42))/(r/(-7)). Suppose -3*t + 5*v = -605, -3*v = -t - d*t + 1019. Is t prime?
False
Let g be (-4717)/((-25)/(-15) + -2). Let q = g + -8180. Is q a prime number?
False
Suppose -74*y = -1733220 + 154282. Is y a composite number?
True
Suppose -9*n - 20 = -14*n. Suppose 0 = -3*g + g. Suppose 0*a - 84 = -2*a + 5*q, n*a - 5*q - 178 = g. Is a a composite number?
False
Suppose -6158 = -3*v + 8335. Is v a composite number?
False
Suppose -v + 3 = -5*k + 2*k, -5*v - 5*k = -15. Suppose -v*a - x + 5*x = -1403, 0 = a - 3*x - 466. Is a composite?
True
Let d(v) = -v**3 + 7*v**2 + 4*v - 8. Let s be d(7). Suppose -s = -4*a, l - 2*a - a = -8. Suppose -l*z + 204 = -z. Is z composite?
True
Let j(m) = -m**3 + 6*m**2 + m - 6. Let d(z) = z**2 - 10*z - 5. Let t be d(11). Let p be j(t). Suppose p*v = -3*v + 57. Is v composite?
False
Let s be 2 - (6 + -4) - 6. Is ((-332)/s)/(3/9) a composite number?
True
Let y = 4760 + -2962. Suppose 0 = -35*i + 33*i + y. Is i a prime number?
False
Let k(v) = -v**3 + 18*v**2 + v + 73. Is k(17) a composite number?
False
Suppose -15*p + 17*p - 17002 = 0. Is p a prime number?
True
Let w(z) = 35*z**2 + 14*z - 6. Let r be -13 - (3 + -1 + -4). Let i be w(r). Suppose 11*y - i = 6*y. Is y a prime number?
False
Let f = -457 - -2790. Is f a prime number?
True
Suppose -l - 16 = -5*l. Suppose 57 - 33 = l*p. Suppose -3*a - 651 = -p*a. Is a a prime number?
False
Suppose -3 = -7*k + 3*k + t, -3*t + 11 = -2*k. Suppose -3*d + 969 = 5*r, -2*d - k*d - 5*r = -1292. Is d composite?
True
Suppose 29*v = 27*v + 19802. Is v a composite number?
False
Let h(l) = l**3 - 8*l**2 + 8*l - 4. Let f be h(7). Let n(u) = -u - 28. Let a be n(8). Is (-2804)/a*f*3 composite?
False
Let b = 1812 - -8851. Is b a composite number?
False
Suppose -v = -2*a - 4193, -2*v - a + 20976 = 3*v. Is v composite?
True
Suppose -5*j + 13*j = 5192. Is j prime?
False
Suppose 92876 - 21649 = 13*m. Is m composite?
False
Suppose -429 = 3*b + 732. Let r = 1264 + b. Is r